{"id":9409,"date":"2019-03-14T10:34:01","date_gmt":"2019-03-14T09:34:01","guid":{"rendered":"https:\/\/www.chirurgien-esthetiqueparis.com?page_id=9409"},"modified":"2019-04-23T17:40:56","modified_gmt":"2019-04-23T15:40:56","slug":"face-photos","status":"publish","type":"page","link":"https:\/\/www.chirurgien-esthetiqueparis.com\/en\/face-photos","title":{"rendered":"Face Photos"},"content":{"rendered":"<p>[vc_row css_animation=&#8221;none&#8221; source=&#8221;&#8221; text=&#8221;Chirurgie et m\u00e9decine Esth\u00e9tique \u00e0 Paris pour Femmes et Hommes&#8221; font_container=&#8221;tag:h2|text_align:center|color:%23252525&#8243; use_theme_fonts=&#8221;yes&#8221; google_fonts=&#8221;font_family:Abril%20Fatface%3Aregular|font_style:400%20regular%3A400%3Anormal&#8221; css=&#8221;.vc_custom_1549963013892{margin-top: 0px !important;margin-bottom: 35px !important;padding-top: 0px !important;}&#8221; link=&#8221;&#8221;][vc_column][vc_custom_heading text=&#8221;Discover our facial surgery photos&#8221; font_container=&#8221;tag:h2|text_align:left|color:%23252525&#8243; use_theme_fonts=&#8221;yes&#8221; css_animation=&#8221;none&#8221; css=&#8221;.vc_custom_1556034020805{margin-top: 0px !important;margin-bottom: 0px !important;padding-top: 0px !important;}&#8221;][\/vc_column][\/vc_row][vc_row][vc_column][vc_tabs][vc_tab title=&#8221;Minilift&#8221; tab_id=&#8221;1554998270544-2-6&#8243;][vc_masonry_media_grid element_width=&#8221;3&#8243; gap=&#8221;10&#8243; initial_loading_animation=&#8221;none&#8221; grid_id=&#8221;vc_gid:1556034016467-25022df0-26ed-1&#8243; include=&#8221;9757,9758,9759&#8243;][\/vc_tab][vc_tab title=&#8221;Lifting&#8221; tab_id=&#8221;1554998269857-1-8&#8243;][vc_masonry_media_grid element_width=&#8221;3&#8243; gap=&#8221;10&#8243; initial_loading_animation=&#8221;none&#8221; grid_id=&#8221;vc_gid:1556034016479-4feba391-08fc-8&#8243; include=&#8221;9755,9756&#8243;][\/vc_tab][vc_tab title=&#8221;Rhinoplasty&#8221; tab_id=&#8221;1554998397247-4-10&#8243;][vc_masonry_media_grid element_width=&#8221;3&#8243; gap=&#8221;10&#8243; initial_loading_animation=&#8221;none&#8221; grid_id=&#8221;vc_gid:1556034016487-71ff8e5b-7c8b-3&#8243; include=&#8221;9747,9748,9749,9750,9751,9752,9753&#8243;][\/vc_tab][vc_tab title=&#8221;Otoplasty&#8221; tab_id=&#8221;1554998396735-3-9&#8243;][vc_masonry_media_grid element_width=&#8221;3&#8243; gap=&#8221;10&#8243; initial_loading_animation=&#8221;none&#8221; grid_id=&#8221;vc_gid:1556034016508-6c9a4a73-cb5d-2&#8243; include=&#8221;9760,9761&#8243;][\/vc_tab][vc_tab title=&#8221;Genioplasty&#8221; tab_id=&#8221;530555fd-1e18-3&#8243;][vc_masonry_media_grid element_width=&#8221;3&#8243; gap=&#8221;10&#8243; initial_loading_animation=&#8221;none&#8221; grid_id=&#8221;vc_gid:1556034016515-5c4e3b06-7173-9&#8243; include=&#8221;9746&#8243;][\/vc_tab][\/vc_tabs][\/vc_column][\/vc_row]<\/p>\n","protected":false},"excerpt":{"rendered":"<p>[vc_row css_animation=&#8221;none&#8221; source=&#8221;&#8221; text=&#8221;Chirurgie et m\u00e9decine Esth\u00e9tique \u00e0 Paris pour Femmes et Hommes&#8221; font_container=&#8221;tag:h2|text_align:center|color:%23252525&#8243; use_theme_fonts=&#8221;yes&#8221; google_fonts=&#8221;font_family:Abril%20Fatface%3Aregular|font_style:400%20regular%3A400%3Anormal&#8221; css=&#8221;.vc_custom_1549963013892{margin-top: 0px !important;margin-bottom: 35px !important;padding-top: 0px !important;}&#8221; link=&#8221;&#8221;][vc_column][vc_custom_heading text=&#8221;Discover our facial surgery photos&#8221; font_container=&#8221;tag:h2|text_align:left|color:%23252525&#8243; use_theme_fonts=&#8221;yes&#8221; css_animation=&#8221;none&#8221; css=&#8221;.vc_custom_1556034020805{margin-top: 0px !important;margin-bottom: 0px !important;padding-top: 0px !important;}&#8221;][\/vc_column][\/vc_row][vc_row][vc_column][vc_tabs][vc_tab title=&#8221;Minilift&#8221; tab_id=&#8221;1554998270544-2-6&#8243;][vc_masonry_media_grid element_width=&#8221;3&#8243; gap=&#8221;10&#8243; initial_loading_animation=&#8221;none&#8221; grid_id=&#8221;vc_gid:1556034016467-25022df0-26ed-1&#8243; include=&#8221;9757,9758,9759&#8243;][\/vc_tab][vc_tab title=&#8221;Lifting&#8221; tab_id=&#8221;1554998269857-1-8&#8243;][vc_masonry_media_grid element_width=&#8221;3&#8243; gap=&#8221;10&#8243; initial_loading_animation=&#8221;none&#8221; grid_id=&#8221;vc_gid:1556034016479-4feba391-08fc-8&#8243; include=&#8221;9755,9756&#8243;][\/vc_tab][vc_tab title=&#8221;Rhinoplasty&#8221; tab_id=&#8221;1554998397247-4-10&#8243;][vc_masonry_media_grid [&hellip;]<\/p>\n","protected":false},"author":2,"featured_media":0,"parent":0,"menu_order":0,"comment_status":"closed","ping_status":"closed","template":"","meta":{"footnotes":""},"class_list":["post-9409","page","type-page","status-publish","hentry"],"yoast_head":"<!-- This site is optimized with the Yoast SEO plugin v27.3 - https:\/\/yoast.com\/product\/yoast-seo-wordpress\/ -->\n<title>Face Photos - Louafi<\/title>\n<meta name=\"robots\" content=\"index, follow, max-snippet:-1, max-image-preview:large, max-video-preview:-1\" \/>\n<link rel=\"canonical\" href=\"https:\/\/www.chirurgien-esthetiqueparis.com\/en\/face-photos\" \/>\n<meta name=\"twitter:label1\" content=\"Est. reading time\" \/>\n\t<meta name=\"twitter:data1\" content=\"1 minute\" \/>\n<script type=\"application\/ld+json\" class=\"yoast-schema-graph\">{\"@context\":\"https:\\\/\\\/schema.org\",\"@graph\":[{\"@type\":\"WebPage\",\"@id\":\"https:\\\/\\\/www.chirurgien-esthetiqueparis.com\\\/en\\\/face-photos\",\"url\":\"https:\\\/\\\/www.chirurgien-esthetiqueparis.com\\\/en\\\/face-photos\",\"name\":\"Face Photos - Louafi\",\"isPartOf\":{\"@id\":\"https:\\\/\\\/www.chirurgien-esthetiqueparis.com\\\/#website\"},\"datePublished\":\"2019-03-14T09:34:01+00:00\",\"dateModified\":\"2019-04-23T15:40:56+00:00\",\"breadcrumb\":{\"@id\":\"https:\\\/\\\/www.chirurgien-esthetiqueparis.com\\\/en\\\/face-photos#breadcrumb\"},\"inLanguage\":\"en-US\",\"potentialAction\":[{\"@type\":\"ReadAction\",\"target\":[\"https:\\\/\\\/www.chirurgien-esthetiqueparis.com\\\/en\\\/face-photos\"]}]},{\"@type\":\"BreadcrumbList\",\"@id\":\"https:\\\/\\\/www.chirurgien-esthetiqueparis.com\\\/en\\\/face-photos#breadcrumb\",\"itemListElement\":[{\"@type\":\"ListItem\",\"position\":1,\"name\":\"Accueil\",\"item\":\"https:\\\/\\\/www.chirurgien-esthetiqueparis.com\\\/en\"},{\"@type\":\"ListItem\",\"position\":2,\"name\":\"Face Photos\"}]},{\"@type\":\"WebSite\",\"@id\":\"https:\\\/\\\/www.chirurgien-esthetiqueparis.com\\\/#website\",\"url\":\"https:\\\/\\\/www.chirurgien-esthetiqueparis.com\\\/\",\"name\":\"Louafi\",\"description\":\"Chirurgie Esth\u00e9tique \u00e0 Paris\",\"publisher\":{\"@id\":\"https:\\\/\\\/www.chirurgien-esthetiqueparis.com\\\/#organization\"},\"potentialAction\":[{\"@type\":\"SearchAction\",\"target\":{\"@type\":\"EntryPoint\",\"urlTemplate\":\"https:\\\/\\\/www.chirurgien-esthetiqueparis.com\\\/?s={search_term_string}\"},\"query-input\":{\"@type\":\"PropertyValueSpecification\",\"valueRequired\":true,\"valueName\":\"search_term_string\"}}],\"inLanguage\":\"en-US\"},{\"@type\":\"Organization\",\"@id\":\"https:\\\/\\\/www.chirurgien-esthetiqueparis.com\\\/#organization\",\"name\":\"Chirurgien esth\u00e9tique | Dr Louafi\",\"url\":\"https:\\\/\\\/www.chirurgien-esthetiqueparis.com\\\/\",\"logo\":{\"@type\":\"ImageObject\",\"inLanguage\":\"en-US\",\"@id\":\"https:\\\/\\\/www.chirurgien-esthetiqueparis.com\\\/#\\\/schema\\\/logo\\\/image\\\/\",\"url\":\"https:\\\/\\\/www.chirurgien-esthetiqueparis.com\\\/wp-content\\\/uploads\\\/louafi_home-mobile.jpg\",\"contentUrl\":\"https:\\\/\\\/www.chirurgien-esthetiqueparis.com\\\/wp-content\\\/uploads\\\/louafi_home-mobile.jpg\",\"width\":640,\"height\":800,\"caption\":\"Chirurgien esth\u00e9tique | Dr Louafi\"},\"image\":{\"@id\":\"https:\\\/\\\/www.chirurgien-esthetiqueparis.com\\\/#\\\/schema\\\/logo\\\/image\\\/\"}}]}<\/script>\n<!-- \/ Yoast SEO plugin. -->","yoast_head_json":{"title":"Face Photos - Louafi","robots":{"index":"index","follow":"follow","max-snippet":"max-snippet:-1","max-image-preview":"max-image-preview:large","max-video-preview":"max-video-preview:-1"},"canonical":"https:\/\/www.chirurgien-esthetiqueparis.com\/en\/face-photos","twitter_misc":{"Est. reading time":"1 minute"},"schema":{"@context":"https:\/\/schema.org","@graph":[{"@type":"WebPage","@id":"https:\/\/www.chirurgien-esthetiqueparis.com\/en\/face-photos","url":"https:\/\/www.chirurgien-esthetiqueparis.com\/en\/face-photos","name":"Face Photos - Louafi","isPartOf":{"@id":"https:\/\/www.chirurgien-esthetiqueparis.com\/#website"},"datePublished":"2019-03-14T09:34:01+00:00","dateModified":"2019-04-23T15:40:56+00:00","breadcrumb":{"@id":"https:\/\/www.chirurgien-esthetiqueparis.com\/en\/face-photos#breadcrumb"},"inLanguage":"en-US","potentialAction":[{"@type":"ReadAction","target":["https:\/\/www.chirurgien-esthetiqueparis.com\/en\/face-photos"]}]},{"@type":"BreadcrumbList","@id":"https:\/\/www.chirurgien-esthetiqueparis.com\/en\/face-photos#breadcrumb","itemListElement":[{"@type":"ListItem","position":1,"name":"Accueil","item":"https:\/\/www.chirurgien-esthetiqueparis.com\/en"},{"@type":"ListItem","position":2,"name":"Face Photos"}]},{"@type":"WebSite","@id":"https:\/\/www.chirurgien-esthetiqueparis.com\/#website","url":"https:\/\/www.chirurgien-esthetiqueparis.com\/","name":"Louafi","description":"Chirurgie Esth\u00e9tique \u00e0 Paris","publisher":{"@id":"https:\/\/www.chirurgien-esthetiqueparis.com\/#organization"},"potentialAction":[{"@type":"SearchAction","target":{"@type":"EntryPoint","urlTemplate":"https:\/\/www.chirurgien-esthetiqueparis.com\/?s={search_term_string}"},"query-input":{"@type":"PropertyValueSpecification","valueRequired":true,"valueName":"search_term_string"}}],"inLanguage":"en-US"},{"@type":"Organization","@id":"https:\/\/www.chirurgien-esthetiqueparis.com\/#organization","name":"Chirurgien esth\u00e9tique | Dr Louafi","url":"https:\/\/www.chirurgien-esthetiqueparis.com\/","logo":{"@type":"ImageObject","inLanguage":"en-US","@id":"https:\/\/www.chirurgien-esthetiqueparis.com\/#\/schema\/logo\/image\/","url":"https:\/\/www.chirurgien-esthetiqueparis.com\/wp-content\/uploads\/louafi_home-mobile.jpg","contentUrl":"https:\/\/www.chirurgien-esthetiqueparis.com\/wp-content\/uploads\/louafi_home-mobile.jpg","width":640,"height":800,"caption":"Chirurgien esth\u00e9tique | Dr Louafi"},"image":{"@id":"https:\/\/www.chirurgien-esthetiqueparis.com\/#\/schema\/logo\/image\/"}}]}},"acf":[],"_links":{"self":[{"href":"https:\/\/www.chirurgien-esthetiqueparis.com\/en\/wp-json\/wp\/v2\/pages\/9409","targetHints":{"allow":["GET"]}}],"collection":[{"href":"https:\/\/www.chirurgien-esthetiqueparis.com\/en\/wp-json\/wp\/v2\/pages"}],"about":[{"href":"https:\/\/www.chirurgien-esthetiqueparis.com\/en\/wp-json\/wp\/v2\/types\/page"}],"author":[{"embeddable":true,"href":"https:\/\/www.chirurgien-esthetiqueparis.com\/en\/wp-json\/wp\/v2\/users\/2"}],"replies":[{"embeddable":true,"href":"https:\/\/www.chirurgien-esthetiqueparis.com\/en\/wp-json\/wp\/v2\/comments?post=9409"}],"version-history":[{"count":0,"href":"https:\/\/www.chirurgien-esthetiqueparis.com\/en\/wp-json\/wp\/v2\/pages\/9409\/revisions"}],"wp:attachment":[{"href":"https:\/\/www.chirurgien-esthetiqueparis.com\/en\/wp-json\/wp\/v2\/media?parent=9409"}],"curies":[{"name":"wp","href":"https:\/\/api.w.org\/{rel}","templated":true}]}}

<p>[vc_row css_animation=&#8221;none&#8221; source=&#8221;&#8221; text=&#8221;Chirurgie et médecine Esthétique à Paris pour Femmes et Hommes&#8221; font_container=&#8221;tag:h2|text_align:center|color:%23252525&#8243; use_theme_fonts=&#8221;yes&#8221; google_fonts=&#8221;font_family:Abril%20Fatface%3Aregular|font_style:400%20regular%3A400%3Anormal&#8221; css=&#8221;.vc_custom_1549963013892{margin-top: 0px !important;margin-bottom: 35px !important;padding-top: 0px !important;}&#8221; link=&#8221;&#8221;][vc_column][vc_custom_heading text=&#8221;Discover our facial surgery photos&#8221; font_container=&#8221;tag:h2|text_align:left|color:%23252525&#8243; use_theme_fonts=&#8221;yes&#8221; css_animation=&#8221;none&#8221; css=&#8221;.vc_custom_1556034020805{margin-top: 0px !important;margin-bottom: 0px !important;padding-top: 0px !important;}&#8221;][/vc_column][/vc_row][vc_row][vc_column][vc_tabs][vc_tab title=&#8221;Minilift&#8221; tab_id=&#8221;1554998270544-2-6&#8243;][vc_masonry_media_grid element_width=&#8221;3&#8243; gap=&#8221;10&#8243; initial_loading_animation=&#8221;none&#8221; grid_id=&#8221;vc_gid:1556034016467-25022df0-26ed-1&#8243; include=&#8221;9757,9758,9759&#8243;][/vc_tab][vc_tab title=&#8221;Lifting&#8221; tab_id=&#8221;1554998269857-1-8&#8243;][vc_masonry_media_grid element_width=&#8221;3&#8243; gap=&#8221;10&#8243; initial_loading_animation=&#8221;none&#8221; grid_id=&#8221;vc_gid:1556034016479-4feba391-08fc-8&#8243; include=&#8221;9755,9756&#8243;][/vc_tab][vc_tab title=&#8221;Rhinoplasty&#8221; tab_id=&#8221;1554998397247-4-10&#8243;][vc_masonry_media_grid element_width=&#8221;3&#8243; gap=&#8221;10&#8243; initial_loading_animation=&#8221;none&#8221; grid_id=&#8221;vc_gid:1556034016487-71ff8e5b-7c8b-3&#8243; include=&#8221;9747,9748,9749,9750,9751,9752,9753&#8243;][/vc_tab][vc_tab title=&#8221;Otoplasty&#8221; tab_id=&#8221;1554998396735-3-9&#8243;][vc_masonry_media_grid element_width=&#8221;3&#8243; gap=&#8221;10&#8243; initial_loading_animation=&#8221;none&#8221; grid_id=&#8221;vc_gid:1556034016508-6c9a4a73-cb5d-2&#8243; include=&#8221;9760,9761&#8243;][/vc_tab][vc_tab title=&#8221;Genioplasty&#8221; tab_id=&#8221;530555fd-1e18-3&#8243;][vc_masonry_media_grid element_width=&#8221;3&#8243; gap=&#8221;10&#8243; initial_loading_animation=&#8221;none&#8221; grid_id=&#8221;vc_gid:1556034016515-5c4e3b06-7173-9&#8243; include=&#8221;9746&#8243;][/vc_tab][/vc_tabs][/vc_column][/vc_row]</p>

<p>[vc_row css_animation=&#8221;none&#8221; source=&#8221;&#8221; text=&#8221;Chirurgie et médecine Esthétique à Paris pour Femmes et Hommes&#8221; font_container=&#8221;tag:h2|text_align:center|color:%23252525&#8243; use_theme_fonts=&#8221;yes&#8221; google_fonts=&#8221;font_family:Abril%20Fatface%3Aregular|font_style:400%20regular%3A400%3Anormal&#8221; css=&#8221;.vc_custom_1549963013892{margin-top: 0px !important;margin-bottom: 35px !important;padding-top: 0px !important;}&#8221; link=&#8221;&#8221;][vc_column][vc_custom_heading text=&#8221;Discover our facial surgery photos&#8221; font_container=&#8221;tag:h2|text_align:left|color:%23252525&#8243; use_theme_fonts=&#8221;yes&#8221; css_animation=&#8221;none&#8221; css=&#8221;.vc_custom_1556034020805{margin-top: 0px !important;margin-bottom: 0px !important;padding-top: 0px !important;}&#8221;][/vc_column][/vc_row][vc_row][vc_column][vc_tabs][vc_tab title=&#8221;Minilift&#8221; tab_id=&#8221;1554998270544-2-6&#8243;][vc_masonry_media_grid element_width=&#8221;3&#8243; gap=&#8221;10&#8243; initial_loading_animation=&#8221;none&#8221; grid_id=&#8221;vc_gid:1556034016467-25022df0-26ed-1&#8243; include=&#8221;9757,9758,9759&#8243;][/vc_tab][vc_tab title=&#8221;Lifting&#8221; tab_id=&#8221;1554998269857-1-8&#8243;][vc_masonry_media_grid element_width=&#8221;3&#8243; gap=&#8221;10&#8243; initial_loading_animation=&#8221;none&#8221; grid_id=&#8221;vc_gid:1556034016479-4feba391-08fc-8&#8243; include=&#8221;9755,9756&#8243;][/vc_tab][vc_tab title=&#8221;Rhinoplasty&#8221; tab_id=&#8221;1554998397247-4-10&#8243;][vc_masonry_media_grid [&hellip;]</p>

<!-- This site is optimized with the Yoast SEO plugin v27.3 - https://yoast.com/product/yoast-seo-wordpress/ -->
<title>Face Photos - Louafi</title>
<meta name="robots" content="index, follow, max-snippet:-1, max-image-preview:large, max-video-preview:-1" />
<link rel="canonical" href="https://www.chirurgien-esthetiqueparis.com/en/face-photos" />
<meta name="twitter:label1" content="Est. reading time" />
	<meta name="twitter:data1" content="1 minute" />
<script type="application/ld+json" class="yoast-schema-graph">{"@context":"https:\/\/schema.org","@graph":[{"@type":"WebPage","@id":"https:\/\/www.chirurgien-esthetiqueparis.com\/en\/face-photos","url":"https:\/\/www.chirurgien-esthetiqueparis.com\/en\/face-photos","name":"Face Photos - Louafi","isPartOf":{"@id":"https:\/\/www.chirurgien-esthetiqueparis.com\/#website"},"datePublished":"2019-03-14T09:34:01+00:00","dateModified":"2019-04-23T15:40:56+00:00","breadcrumb":{"@id":"https:\/\/www.chirurgien-esthetiqueparis.com\/en\/face-photos#breadcrumb"},"inLanguage":"en-US","potentialAction":[{"@type":"ReadAction","target":["https:\/\/www.chirurgien-esthetiqueparis.com\/en\/face-photos"]}]},{"@type":"BreadcrumbList","@id":"https:\/\/www.chirurgien-esthetiqueparis.com\/en\/face-photos#breadcrumb","itemListElement":[{"@type":"ListItem","position":1,"name":"Accueil","item":"https:\/\/www.chirurgien-esthetiqueparis.com\/en"},{"@type":"ListItem","position":2,"name":"Face Photos"}]},{"@type":"WebSite","@id":"https:\/\/www.chirurgien-esthetiqueparis.com\/#website","url":"https:\/\/www.chirurgien-esthetiqueparis.com\/","name":"Louafi","description":"Chirurgie Esthétique à Paris","publisher":{"@id":"https:\/\/www.chirurgien-esthetiqueparis.com\/#organization"},"potentialAction":[{"@type":"SearchAction","target":{"@type":"EntryPoint","urlTemplate":"https:\/\/www.chirurgien-esthetiqueparis.com\/?s={search_term_string}"},"query-input":{"@type":"PropertyValueSpecification","valueRequired":true,"valueName":"search_term_string"}}],"inLanguage":"en-US"},{"@type":"Organization","@id":"https:\/\/www.chirurgien-esthetiqueparis.com\/#organization","name":"Chirurgien esthétique | Dr Louafi","url":"https:\/\/www.chirurgien-esthetiqueparis.com\/","logo":{"@type":"ImageObject","inLanguage":"en-US","@id":"https:\/\/www.chirurgien-esthetiqueparis.com\/#\/schema\/logo\/image\/","url":"https:\/\/www.chirurgien-esthetiqueparis.com\/wp-content\/uploads\/louafi_home-mobile.jpg","contentUrl":"https:\/\/www.chirurgien-esthetiqueparis.com\/wp-content\/uploads\/louafi_home-mobile.jpg","width":640,"height":800,"caption":"Chirurgien esthétique | Dr Louafi"},"image":{"@id":"https:\/\/www.chirurgien-esthetiqueparis.com\/#\/schema\/logo\/image\/"}}]}</script>
<!-- / Yoast SEO plugin. -->

Chirurgie Esthétique à Paris

Chirurgien esthétique | Dr Louafi
